 - 6*p + 26 = 2*k. Suppose -12*o + 4015 = -k*o. Is o composite?
True
Suppose -n - 38 = -43. Suppose n*j = 9*j - 3164. Is j a composite number?
True
Let q = 23 + -19. Suppose -564 = -8*j + q*j. Suppose a - j = 338. Is a prime?
True
Let k(c) = -4*c + 20. Let d be k(-7). Suppose -2*u - 64 = 2*u - 2*q, -d = 3*u - 4*q. Is 8/u*4*(-1347)/2 prime?
False
Let s(z) = 15*z**3 - 2*z**2 - 6*z + 10. Let f be s(4). Let l = 6061 - f. Is l prime?
True
Let d(m) = -70*m - 1. Let r(q) = 69*q + 1. Let l(k) = -4*d(k) - 5*r(k). Suppose -p + 3 = 0, 0 = 2*x + 3*p + 7 - 8. Is l(x) a composite number?
True
Let k be 77 + 2/10*0. Suppose -865 = 3*c - r, c + 2*r + 202 = -k. Let y = c - -540. Is y composite?
True
Let f be -265*(12/20)/(-1). Let g = 131 - 36. Let n = f + g. Is n a composite number?
True
Let j(s) be the first derivative of 25*s**3/3 + 13*s**2/2 + s - 40. Is j(6) a composite number?
True
Suppose -15*h + 4 = -14*h. Suppose 0 = -h*a - 93 - 83. Let m = -40 - a. Is m a composite number?
True
Is ((-69)/((-897)/376454))/(-1 - -3) a composite number?
False
Suppose 0 = 8*l - 8*n + 6*n - 24731346, l - 3091397 = -4*n. Is l a composite number?
True
Suppose 5*t = 4*a + 29 + 5, 0 = 2*a - 2*t + 16. Let l be (3 - 8)*1*a*-18. Let j = 2951 + l. Is j a composite number?
False
Suppose 2*g - 2*x - 39674 - 36058 = 0, 4*x + 113599 = 3*g. Is g a composite number?
True
Let g = 140 + -164. Is ((-30035)/(-10))/(4*(-3)/g) a composite number?
False
Let x(w) be the second derivative of 36*w + 1/6*w**4 + w**2 + 1/10*w**5 + 0 - 1/2*w**3. Is x(3) a composite number?
True
Suppose i - 2362 = 2677. Is i composite?
False
Suppose 27 = -2*d + 39. Let v be (5 - (5 - 9))*4/d. Is (v/2)/((-6)/(-94)) a composite number?
False
Suppose -6*s = 33482 + 27430. Let p = -5075 - s. Is p composite?
False
Suppose 75*b - 112151 = 72*b - 5*a, 0 = -3*b + 5*a + 112231. Is b a prime number?
True
Suppose 21*d + 46*d - 10066227 = -3574396. Is d prime?
True
Suppose -99772 = -4*x + 2*w, 5*x + 11736 = 2*w + 136454. Is x composite?
True
Suppose 661265 - 13054701 - 2881293 = -79*x. Is x a prime number?
False
Let s = 20 - 13. Is s + 128/8*120 a composite number?
True
Let u be 176/77 + 4/(-14) + 1. Suppose -2*k = 2*s - 4*s + 115016, 2*k = u*s - 172519. Is s a prime number?
True
Let c be (5/(25/(-42)))/(18/(-7965)). Let s = c + 2042. Suppose 0 = 5*g + 2*o - s, -3*g + 2*o + 3447 = -o. Is g prime?
True
Let n = 1235 - 586. Let r be 40/(-70) - (7382/(-7) + -2). Let o = r - n. Is o a composite number?
True
Let b = 423 + -631. Is 3 - 90/12*b composite?
True
Let o(z) = -2*z + 1. Let d(q) = q**2 - 8*q + 37. Let h(p) = -d(p) - 3*o(p). Let s be h(10). Suppose -4*n + 52 + 0 = s. Is n a prime number?
True
Suppose 71025 = -21*g + 6*g. Let u = 12978 - g. Is u a prime number?
True
Suppose -2*j = -5*a - 23814, -3*j + a + 59489 = 2*j. Let o = j - -3788. Is o a composite number?
True
Is 7150329/(-36)*52/(-39) a prime number?
True
Suppose 129*q - 179*q = -2931850. Is q prime?
False
Let v = -48 - -54. Suppose 0 = -v*k + k - 1540. Let h = k - -435. Is h composite?
False
Let s = 138975 + -68732. Suppose 11*d = 75496 + s. Is d a prime number?
True
Let b = 8683 - 4481. Let v = b + -1219. Is v prime?
False
Let r(u) = 1037*u + 53. Let h(a) = a - 3. Let y be h(7). Is r(y) a prime number?
True
Suppose -b = 2*t - 359107, b - 9 = -4. Is t a composite number?
True
Let i = 47 - 45. Suppose 0 = 3*d - n + 2*n - 34752, i*d - 23168 = 5*n. Is -3 + d/40 + (-2)/(-5) composite?
True
Let g(d) = -d**2 - 3*d - 1. Let m(a) = -194*a**2 - 11*a + 18. Let n(x) = 4*g(x) - m(x). Is n(-5) a prime number?
True
Let c(h) = -137*h - 3. Let l(k) = 138*k + 5. Let u(a) = 6*c(a) + 5*l(a). Is u(-5) composite?
True
Let f = 3449 + -1938. Suppose 4*j + 3*p - 1408 = -3434, -3*j + 2*p - f = 0. Let a = j + 2162. Is a a composite number?
False
Suppose -13728 = -4*p + 4*g, 2*g = -3*g - 25. Is p a composite number?
True
Suppose -3*h - k + 145490 = -h, -4*k = -h + 72736. Let f = h - 24359. Is f a composite number?
True
Suppose 4*g + 465 = 129. Let b = -82 - g. Suppose b*n - 726 = -5*o, -2*o + 5*n = 89 - 391. Is o a prime number?
False
Let t(q) be the first derivative of -13*q + 11 - 19/2*q**2 - 1/3*q**3. Is t(-10) a prime number?
False
Let r(o) = -o**3 - 13*o**2 + 14*o + 4. Let j be r(-14). Suppose 382 = 5*b - j*u, b = -4*b + 2*u + 376. Let g = b - 41. Is g prime?
False
Let b = 134351 + -78912. Is b a prime number?
True
Let b = -23646 + 38067. Suppose 20852 = 7*p - b. Is p prime?
True
Let k = -1549 + 3269. Let t = -1019 + k. Is t a prime number?
True
Let n = 55164 + -35429. Is n a composite number?
True
Let g be 2 + (4/(-12) - 38/(-6)). Suppose -v = -o + 4, -2 = v - 3*o + g. Is (((-54)/3)/1 - v)*-41 a composite number?
True
Let q be 1/4 + (-133)/(-28). Suppose -q*p = -s + 10 - 47, 4*s + 43 = 5*p. Suppose p*t - 22*t = -6675. Is t composite?
True
Is 1 + -1 + 902590 + -3 a composite number?
True
Suppose -8 = -5*y + 17. Suppose -y*o = 4*g - 19, -g - o + 29 = 4*g. Suppose -2475 - 1443 = -g*q. Is q a composite number?
False
Let k(g) = -g**3 - 6*g**2 + 4. Let a be k(-6). Suppose -3*u = -5*p + 4*p + 5143, 0 = -a*p + u + 20550. Is p prime?
False
Let l(g) = -2*g**2 + g + 29. Let m be l(0). Suppose 44 = -5*t + m. Is 2 + -2 - 3561/t composite?
False
Suppose 42 = 3*l + s, -2*s - 4 + 13 = l. Let f be ((-12)/15)/((-3)/l). Suppose -3*b = -j - 8442, b + f*j + 0*j - 2827 = 0. Is b a composite number?
True
Let a(f) = 3*f - 11. Let m be a(5). Let o be (2646/m)/((-48)/(-64)). Let s = 3899 - o. Is s prime?
False
Suppose 2*l - 2*c = -c + 11252, 3*l + 3*c = 16869. Suppose -9*t + l + 53298 = 0. Is t composite?
False
Suppose -3336439 - 69773248 = -217*l. Is l a composite number?
False
Let h(b) = 14702 - 3*b - 5*b**2 + 48*b**2 - 14701. Suppose -5*c + 12 = -c. Is h(c) composite?
False
Suppose 0 = 4*s + 5*g - 78084, 4*g - 68603 = -3*s - 10042. Is s a composite number?
False
Let m = 4109 + -2212. Suppose -4*p = -4*n + 7636, n + 3*p = -2*p + m. Is n a composite number?
False
Let o = 21334 + -7403. Is o a prime number?
True
Let t be 0*(15 - (-310)/(-20)). Let f(n) = -n**3 + 2*n**2 + 4*n - 1. Let x be f(3). Suppose g - 4*m - 421 - 510 = t, m - 1817 = -x*g. Is g a composite number?
False
Suppose 30 = -33*j + 34*j. Let g = -26 + j. Suppose -5*q - 65 = 5*l - 1360, -3*q + g*l + 777 = 0. Is q a composite number?
True
Suppose 579285 + 1577215 = 50*j - 367950. Is j composite?
True
Let d(q) = 4*q**2 - 15*q - 1. Is d(6) prime?
True
Suppose 13*h - 5*h = -0*h. Suppose -30*g - 2*f + 1103 = -29*g, h = 5*g + 5*f - 5530. Is g composite?
False
Let k(v) = -2*v**2 + 12*v - 5. Let a be k(5). Suppose -16 = 4*y - 0*h + 3*h, 4*y - a*h + 16 = 0. Is ((-29356)/11)/(-4) + y/22 composite?
True
Let g(d) = -d**2 - 12*d - 29. Let y be g(-5). Let r be ((-8)/y)/(18/135). Is -1 - 115*(128/r + 2) prime?
False
Let l(q) = 1619*q - 2773. Is l(24) prime?
True
Let j(y) = 3*y**2 + 3*y + 2. Let o be -3 + 5/(10/4). Let n be j(o). Suppose -3*w + n*h - 409 = -4*w, 0 = -3*h - 6. Is w a composite number?
True
Suppose 784 = 2*a - 14. Suppose 3*x = 2*u - 154 + 950, u - 2*x + a = 0. Let s = u - -1756. Is s a composite number?
False
Suppose 15*g + 1 = 16*g. Let m(w) = 5085*w**3 + w**2. Is m(g) prime?
False
Let o(q) = 569322*q**2 + 15*q + 10. Is o(-1) a composite number?
True
Suppose 10*z = 11*z - v - 112788, -5*z + 563936 = -v. Is z a prime number?
True
Suppose -3*p + 111 + 33 = 4*o, o = -3*p + 45. Let r be (-1 + 3)*o/6. Suppose -r*g + 8*g + 237 = 0. Is g prime?
True
Let b = 6574 + 44809. Is b a composite number?
False
Let s = -1844 + 8508. Let c = s - 3845. Is c a composite number?
False
Let k be 8/6*(-3)/(-1) - 2. Suppose 0 = r - 1379 - k. Is r composite?
False
Suppose 32701249 = 116*y + 105*y - 4*y. Is y a prime number?
True
Suppose -4*v + 12*v = 80. Suppose v*z = -1801 - 579. Let h = z - -384. Is h a prime number?
False
Let w = -196 + 227. Let f(l) = 27*l + 142. Is f(w) a prime number?
False
Suppose 0 = -105*c + 214834 + 9551. Let b be 0 + (2061 - -2) - -1. Let y = c + b. Is y a prime number?
True
Let y be ((-3 - -6) + 2795/2)*8. Let m = 19663 - y. Is m composite?
True
Let f be (-49)/14*(-2954)/(-7). Let y = f + 3770. Is y composite?
False
Suppose -114 = -10*c + 46. Is c/88 - ((-727756)/22 + -3) prime?
True
Let i = 34 - 31. Suppose -3 + 13 = 5*u + i*z, -z + 2 = u. Supp